 tens digit of u?
3
Let m(k) be the second derivative of -1/3*k**3 + 0 - k - 5/2*k**2. What is the units digit of m(-4)?
3
Suppose 3 + 49 = b. Suppose -5*s + b = g, 3*g - 4*s = g + 62. What is the units digit of g?
7
What is the tens digit of 18/8*80/3?
6
Suppose 4*p - 7 - 17 = 0. Suppose 0 = 2*z + z - g - 27, 0 = 2*g + p. What is the units digit of z?
8
Let o be (-96)/(-21) + (-8)/14. Suppose h - o*h = -126. What is the tens digit of h?
4
Let n be (3 + 1)*152/(-32). Let t = -3 - n. What is the tens digit of t?
1
Let w be (-3)/(-2 + (-15)/(-12)). Let n = 36 + -20. Let i = n - w. What is the tens digit of i?
1
Let n = 62 - 18. What is the tens digit of n?
4
Suppose 4 = u + 3. Let r be u/1 + 8/(-2). What is the tens digit of r/((-2)/(60/9))?
1
Let k(w) = -2*w**3 + 3*w**2 + 4*w + 3. What is the units digit of k(-2)?
3
What is the hundreds digit of ((-52)/(-39))/((-4)/(-402))?
1
Let v be 54 - (3 + 0/(-1)). Suppose o + 3*i = -o + 25, -5*o + v = -4*i. What is the tens digit of o?
1
Suppose -2*s + d = -3*d - 262, -s + 110 = 5*d. What is the tens digit of s?
2
Suppose -2*h + 31 = -13. Suppose 4*j + 4*m = j + 22, 2*m + h = 4*j. Suppose -b = -j*b + 60. What is the tens digit of b?
1
Let l = 16 + -9. Suppose -3*n = 2*n - 5*t - 5, 5*n - l = 4*t. What is the units digit of n?
3
Let r be 4/(-6)*3/(-1). Suppose -r*h - 2*h + 160 = 0. What is the tens digit of h?
4
Let d = -1 + 9. What is the units digit of d?
8
Suppose o - 191 = s - 3*s, -o = -s - 203. What is the hundreds digit of o?
1
Suppose 10 = 3*j + 2*j. Let i = j + 0. What is the units digit of i?
2
Suppose 3*g + 9 = -t, -4*g - 67 = t + 4*t. What is the units digit of (-4)/(-1) + (6 - t)?
5
Let y(n) = n**3 + 8*n**2 - 2*n - 10. Let x be y(-8). Suppose z - 12 = x. What is the units digit of z?
8
Let l = -340 + 541. What is the tens digit of l?
0
Let y(k) = 3*k**3 - 8*k**2 - 4*k + 4*k**2 - 4*k**3. Let w be y(-3). Suppose 35 = 2*d + w*d. What is the units digit of d?
7
Suppose j - 1 = 5. What is the units digit of j?
6
Let v(r) = -111*r - 1. What is the units digit of v(-1)?
0
Suppose -926 = -8*j - 174. What is the tens digit of j?
9
Suppose 5*u = 1 + 9. Suppose 0 = 3*i + 4*c + u, 4 = 4*i - 3*i - c. Suppose 20 = 2*x + g, -x + i*g = g - 13. What is the tens digit of x?
1
Let m(j) be the third derivative of j**4/6 + 3*j**3/2 - j**2. Let p be m(-6). Let b = 2 - p. What is the tens digit of b?
1
Let d = -4 - -6. Suppose -5*k = d*p - 27, -2*p - 5*k = 2*p - 29. What is the units digit of (-46)/(-8) + p/4?
6
Let n = -5 + 3. Let w = n + 6. Let c = w - 3. What is the units digit of c?
1
Let x(u) = u - 2. Let t be x(10). Let o = 14 - t. What is the units digit of o?
6
Let f(m) = -m**3 + 1 + 2 + 3*m - 2*m**2 + 0*m**3. Suppose 11 + 1 = -4*v. What is the units digit of f(v)?
3
Suppose 4*u - 99 = 3*u. What is the units digit of u?
9
Let i(u) = -3*u - 31. What is the tens digit of i(-14)?
1
Let l = 5 + -8. Let u = 8 + l. Let w(m) = -m**3 + 4*m**2 + 6*m. What is the units digit of w(u)?
5
Suppose -3*r + 2*u + 236 = 0, 4*r = u - 4*u + 309. What is the units digit of r?
8
Suppose -27 = -2*q - 0*j + j, -3*q = -5*j - 51. Let s = q - -3. What is the tens digit of s?
1
Let r = -1 + 3. Suppose -r*y + 1 = -3. Suppose y*t = 3*t - 11. What is the tens digit of t?
1
Let u = -2 + 5. Suppose 3*v = 4*f - 46, -3*f = -u*v - 2*v - 40. What is the units digit of f?
0
Let j(f) = -28*f - 2. Let i be j(-4). What is the units digit of (i/30)/((-2)/(-12))?
2
Let t(g) = -18*g - 24. What is the hundreds digit of t(-10)?
1
Let q be (-31)/11 + (-6)/33. What is the units digit of (-2)/(q + 1) - -3?
4
Suppose -3*f = 2*f - 35. Suppose 3*w - 16 = f*w. Let r(u) = u**2 + 5. What is the units digit of r(w)?
1
Suppose v + 3*r - 32 = 0, -4*r + 0*r - 24 = -2*v. What is the units digit of v?
0
Let y = 1 + 105. What is the tens digit of y?
0
Suppose 0 = -2*c - 0*c + 146. What is the tens digit of c?
7
What is the tens digit of 1/(2/4) - -31?
3
Suppose -5*x - 5 = 4*k, -7*k - 2*x = -4*k + 2. Suppose 0 = -r - k*r + 3. What is the units digit of r?
3
Suppose -8*u + 361 = -847. What is the units digit of u?
1
Let b be (-129)/12 - (-1)/(-4). Let v(j) = j**2 + 10*j - 2. What is the units digit of v(b)?
9
Let w(u) = 2*u + 16. What is the units digit of w(15)?
6
What is the hundreds digit of (49*3)/(2 + (-15)/12)?
1
Suppose g - 23 = 27. What is the units digit of g?
0
Suppose -4*w - 4*j + 488 = 0, w - 2*w + 110 = 5*j. What is the units digit of w?
5
Let f(x) = -2*x**3 - 4*x**2 + 4. Let o be 3/9 - (-10)/(-3). What is the units digit of f(o)?
2
Suppose 4*z = 134 - 26. Suppose 0 = 3*k - 6*k + z. Let r(y) = -y**2 + 10*y - 7. What is the units digit of r(k)?
2
Suppose -4*a + 339 = 4*o + 123, 2*a - o = 120. What is the units digit of a?
8
Suppose t = -90 + 217. What is the tens digit of t?
2
Suppose 0*c - 3*c = 24. Let s be ((-4)/6)/(c/(-12)). Let k(n) = -n. What is the units digit of k(s)?
1
Let l be 2 - (87/(-3) + 2). Suppose 3*h - 23 = -4*m, 17 + l = 5*m - 2*h. What is the units digit of m?
8
What is the tens digit of 147/6 + 3/(-6)?
2
Let m(h) be the first derivative of -h**4/4 + 3*h**3 - 4*h**2 + 5*h - 1. Let s be m(8). Let y = -1 + s. What is the units digit of y?
4
Suppose -1 - 4 = -t. Suppose l - 3*o + 4*o = 4, -t*l - 3*o + 22 = 0. What is the units digit of l?
5
Suppose -246 = 2*w + 4*w. Let f = 71 + w. What is the units digit of f?
0
Suppose 9 = -3*j - 3*d, -2*d + 33 - 11 = -5*j. What is the units digit of j/18 + 130/18?
7
Suppose 0*d - 9 = d. Let c = 44 + d. Suppose 5*k - j - c = j, -j + 32 = 3*k. What is the units digit of k?
9
Let c(o) be the second derivative of -o**4/4 - o**3 + 3*o**2/2 - o. Let z be c(-5). What is the units digit of z/(2 - 5) + 1?
5
Let u be (4 + -26)*(-3)/2. Suppose -2*a + 32 = -0*a - 2*t, -2*t + u = 3*a. What is the units digit of a?
3
Let o = 179 + -97. What is the tens digit of o?
8
Let q(v) = v**2 - 7*v + 3. Let f be q(6). Let n = 5 + f. What is the units digit of n?
2
Let a(p) = -5*p**3 - 2*p + 1. Let q be a(1). What is the units digit of 2 - 54/(3 + q)?
0
Let j = 85 - 36. What is the tens digit of j?
4
Let t = 2 - 8. Let r = 9 + t. What is the units digit of r?
3
Suppose 23*t - 26*t + 81 = 0. What is the units digit of t?
7
Suppose 3*y - 2*y = 0. Suppose y = -3*d - 0*d + 39. Suppose -d - 7 = -4*k. What is the units digit of k?
5
Suppose 3*x - 10 = 2. Let q = x - 3. Suppose -n = -q - 9. What is the units digit of n?
0
What is the units digit of 4/4*11*1 - -1?
2
Let t = -21 - -24. Suppose 21 = t*d - 2*d. What is the units digit of d?
1
Suppose 5*t + 3 - 9 = -2*a, 2*a + 4 = 0. Suppose t*q - 6*q = -108. What is the tens digit of q?
2
Suppose -4*r + 50 = 2*q, -72 = -3*q - 3*r + 6. Let w(v) = v**3 + v**2 - v - 2. Let g be w(-3). Let d = q + g. What is the tens digit of d?
1
Let p be -1 - (31/1)/(-1). Suppose 5 = x - a, -2*x - 2*a = -0*a - p. Let s = 16 - x. What is the units digit of s?
6
Let m(r) = 18*r + 9. What is the units digit of m(6)?
7
Let n = 5 - -10. Suppose 3*j = -0*j + n. Suppose 5*y = -15, j*b - 4*y = 33 - 1. What is the units digit of b?
4
What is the tens digit of 1/((-374)/94 - -4)?
4
Let s(k) = -k**2 - 5*k + 8. Let u be s(-6). Suppose 0 = -2*m + f - 3, 13 = 3*m - 0*f + u*f. Let d = 4 - m. What is the units digit of d?
3
Let l be 2/(-4)*(-1 + 19). Let g be (-2 + -1)*((3 - 4) + 0). What is the units digit of (l/(-1) - -3) + g?
5
Let y(l) = l + 3. Let d be y(-4). Let a be d*3*1/(-1). Suppose a*g - g = 6. What is the units digit of g?
3
Let w(u) = -u + 2. Let y be w(-2). Suppose y = 4*v - 0*v. What is the units digit of v?
1
Let d be (-8)/(-4)*25/2. Let q = 42 - d. Suppose 0 = -4*s + 3 + q. What is the units digit of s?
5
Suppose -4 = -y - w, 0 = -8*w + 3*w + 25. What is the units digit of 20 + (-3 - 0 - y)?
8
Suppose -m - 370 = -3*p, 5*p + 13*m = 9*m + 628. What is the units digit of p?
4
Suppose 3*i = 143 + 256. What is the tens digit of i?
3
Suppose 0 = x - 30 - 30. What is the units digit of x?
0
Let o(j) = 6*j + 29. What is the tens digit of o(11)?
9
Suppose -2*o - o = -3*u + 36, -5*u + o + 80 = 0. What is the tens digit of u?
1
Let o = -22 - -26. What is the units digit of o?
4
Let o = -3 - -12. What is the units digit of o?
9
Suppose 12 + 13 = 5*b, -3*b + 18 = -3*z. Let x be z/(1/(-3)) - 1. Suppose x*h + h = 36. What